{"id":13,"date":"2009-09-22T14:57:41","date_gmt":"2009-09-22T12:57:41","guid":{"rendered":"http:\/\/www.bjm.schwanzer.info\/?page_id=13"},"modified":"2025-03-18T13:54:31","modified_gmt":"2025-03-18T13:54:31","slug":"kontakt","status":"publish","type":"page","link":"http:\/\/bjm.schwanzer.info\/?page_id=13","title":{"rendered":"Kontakte"},"content":{"rendered":"<h4><span style=\"color: #ff6600;\">Bezirksj\u00e4germeister<\/span><\/h4>\n<h5><strong>DI Alfred Schwanzer<br \/>\n3442 Langensch\u00f6nbichl, Gartenstra\u00dfe 16<\/strong><br \/>\n<strong>bjm@schwanzer.info<\/strong><\/h5>\n<h4><span style=\"color: #ff6600;\">Bezirksj\u00e4germeister-Stellvertreter<\/span><\/h4>\n<h5><span style=\"color: #000000;\"><strong>\u00d6kR Hermann Dam<\/strong><\/span><br \/>\n<span style=\"color: #000000;\"><strong> 3462 Absdorf, Absbergerstra\u00dfe 6<\/strong><\/span><br \/>\n<span style=\"color: #000000;\"><strong>hermann.dam@aon.at<\/strong><\/span><\/h5>\n<h4><span style=\"color: #ff6600;\">Delegierte<\/span><\/h4>\n<h5><strong>Leopold Blauensteiner, G\u00f6sing\/Wagram (Stv.: Mag. Martin Heiss)<\/strong><br \/>\n<strong>Hermann Dam, Absdorf (Stv.: Michael Kerndler)<\/strong><br \/>\n<strong>Mag. Wolfgang Straub, Kritzendorf (Stv.: Bgm Leopold Figl)<\/strong><br \/>\n<strong>Franz Renner, Freundorf (Stv.: Josef Pawlik)<\/strong><br \/>\n<strong>Josef Schwanzer, Langensch\u00f6nbichl (Stv.: HRL Josef Simetzberger)<\/strong><\/h5>\n<h5><span style=\"color: #ff6600;\">Hegeringleiter<\/span> siehe <span style=\"color: #800080;\"><a style=\"color: #800080;\" href=\"http:\/\/bjm.schwanzer.info\/?page_id=70\">Hegering Info<\/a><\/span><\/h5>\n<h5><span style=\"color: #ff6600;\">BH Tulln, Jagdreferat<\/span><br \/>\nManuela Weber<br \/>\nTel. 02272 9025 39635<br \/>\njagd-agrar.bhtu@noel.gv.at<\/h5>\n<h5><span style=\"color: #ff6600;\">Jagdhornbl\u00e4sergruppe Tulln<\/span><br \/>\nBezirks-Hornmeister Josef Leckel<br \/>\n3430 Tulln, Josef-Lanner-Stra\u00dfe 3<br \/>\njosef.leckel@gmx.at<\/h5>\n<h5><span style=\"color: #ff6600;\">Mannschaftsf\u00fchrer jagdl. Schie\u00dfen<\/span><br \/>\nMichael Buchinger<br \/>\nm.buchinger61@gmail.com<\/h5>\n","protected":false},"excerpt":{"rendered":"<p>Bezirksj\u00e4germeister DI Alfred Schwanzer 3442 Langensch\u00f6nbichl, Gartenstra\u00dfe 16 bjm@schwanzer.info Bezirksj\u00e4germeister-Stellvertreter \u00d6kR Hermann Dam 3462 Absdorf, Absbergerstra\u00dfe 6 hermann.dam@aon.at Delegierte Leopold Blauensteiner, G\u00f6sing\/Wagram (Stv.: Mag. Martin Heiss) Hermann Dam, Absdorf (Stv.: Michael Kerndler) Mag. Wolfgang Straub, Kritzendorf (Stv.: Bgm Leopold Figl) Franz Renner, Freundorf (Stv.: Josef Pawlik) Josef Schwanzer, Langensch\u00f6nbichl (Stv.: HRL Josef Simetzberger) Hegeringleiter siehe [&hellip;]<\/p>\n","protected":false},"author":2,"featured_media":0,"parent":0,"menu_order":2,"comment_status":"closed","ping_status":"closed","template":"","meta":{"footnotes":""},"class_list":["post-13","page","type-page","status-publish","hentry"],"_links":{"self":[{"href":"http:\/\/bjm.schwanzer.info\/index.php?rest_route=\/wp\/v2\/pages\/13","targetHints":{"allow":["GET"]}}],"collection":[{"href":"http:\/\/bjm.schwanzer.info\/index.php?rest_route=\/wp\/v2\/pages"}],"about":[{"href":"http:\/\/bjm.schwanzer.info\/index.php?rest_route=\/wp\/v2\/types\/page"}],"author":[{"embeddable":true,"href":"http:\/\/bjm.schwanzer.info\/index.php?rest_route=\/wp\/v2\/users\/2"}],"replies":[{"embeddable":true,"href":"http:\/\/bjm.schwanzer.info\/index.php?rest_route=%2Fwp%2Fv2%2Fcomments&post=13"}],"version-history":[{"count":2,"href":"http:\/\/bjm.schwanzer.info\/index.php?rest_route=\/wp\/v2\/pages\/13\/revisions"}],"predecessor-version":[{"id":2150,"href":"http:\/\/bjm.schwanzer.info\/index.php?rest_route=\/wp\/v2\/pages\/13\/revisions\/2150"}],"wp:attachment":[{"href":"http:\/\/bjm.schwanzer.info\/index.php?rest_route=%2Fwp%2Fv2%2Fmedia&parent=13"}],"curies":[{"name":"wp","href":"https:\/\/api.w.org\/{rel}","templated":true}]}}

<h4><span style="color: #ff6600;">Bezirksjägermeister</span></h4>
<h5><strong>DI Alfred Schwanzer<br />
3442 Langenschönbichl, Gartenstraße 16</strong><br />
<strong>bjm@schwanzer.info</strong></h5>
<h4><span style="color: #ff6600;">Bezirksjägermeister-Stellvertreter</span></h4>
<h5><span style="color: #000000;"><strong>ÖkR Hermann Dam</strong></span><br />
<span style="color: #000000;"><strong> 3462 Absdorf, Absbergerstraße 6</strong></span><br />
<span style="color: #000000;"><strong>hermann.dam@aon.at</strong></span></h5>
<h4><span style="color: #ff6600;">Delegierte</span></h4>
<h5><strong>Leopold Blauensteiner, Gösing/Wagram (Stv.: Mag. Martin Heiss)</strong><br />
<strong>Hermann Dam, Absdorf (Stv.: Michael Kerndler)</strong><br />
<strong>Mag. Wolfgang Straub, Kritzendorf (Stv.: Bgm Leopold Figl)</strong><br />
<strong>Franz Renner, Freundorf (Stv.: Josef Pawlik)</strong><br />
<strong>Josef Schwanzer, Langenschönbichl (Stv.: HRL Josef Simetzberger)</strong></h5>
<h5><span style="color: #ff6600;">Hegeringleiter</span> siehe <span style="color: #800080;"><a style="color: #800080;" href="http://bjm.schwanzer.info/?page_id=70">Hegering Info</a></span></h5>
<h5><span style="color: #ff6600;">BH Tulln, Jagdreferat</span><br />
Manuela Weber<br />
Tel. 02272 9025 39635<br />
jagd-agrar.bhtu@noel.gv.at</h5>
<h5><span style="color: #ff6600;">Jagdhornbläsergruppe Tulln</span><br />
Bezirks-Hornmeister Josef Leckel<br />
3430 Tulln, Josef-Lanner-Straße 3<br />
josef.leckel@gmx.at</h5>
<h5><span style="color: #ff6600;">Mannschaftsführer jagdl. Schießen</span><br />
Michael Buchinger<br />
m.buchinger61@gmail.com</h5>

<p>Bezirksjägermeister DI Alfred Schwanzer 3442 Langenschönbichl, Gartenstraße 16 bjm@schwanzer.info Bezirksjägermeister-Stellvertreter ÖkR Hermann Dam 3462 Absdorf, Absbergerstraße 6 hermann.dam@aon.at Delegierte Leopold Blauensteiner, Gösing/Wagram (Stv.: Mag. Martin Heiss) Hermann Dam, Absdorf (Stv.: Michael Kerndler) Mag. Wolfgang Straub, Kritzendorf (Stv.: Bgm Leopold Figl) Franz Renner, Freundorf (Stv.: Josef Pawlik) Josef Schwanzer, Langenschönbichl (Stv.: HRL Josef Simetzberger) Hegeringleiter siehe [&hellip;]</p>
