{"id":428,"date":"2013-12-10T08:11:03","date_gmt":"2013-12-10T17:11:03","guid":{"rendered":"http:\/\/bjm.schwanzer.info\/?page_id=428"},"modified":"2026-01-07T12:46:21","modified_gmt":"2026-01-07T12:46:21","slug":"home","status":"publish","type":"page","link":"http:\/\/bjm.schwanzer.info\/","title":{"rendered":"Home"},"content":{"rendered":"\r\n\r\n\r\n\r\n\r\n<h3 class=\"wp-block-heading\"><span style=\"color: #339966;\">Jungj\u00e4ger- und Jagdaufseherkurs 2026<\/span><\/h3>\r\n<p>Weitere Informationen findet man <span style=\"color: #ff6600;\"><strong><a style=\"color: #ff6600;\" href=\"http:\/\/bjm.schwanzer.info\/?page_id=33\">hier<\/a><\/strong><\/span>!<\/p>\r\n<p>&nbsp;<\/p>\r\n<h3><span style=\"color: #339966;\">Bezirksschie\u00dftag Tulln 30.8.2025<\/span><\/h3>\r\n<p><strong>Einzel:<\/strong><\/p>\r\n<p>1. Hermann Fritz &#8211; 192 Pkte<br \/>2. Peter Falb &#8211; 191 Pkte<br \/>3. Martin Rauch &#8211; 189 Pkte<\/p>\r\n<p><strong>Mannschaft:<\/strong><\/p>\r\n<p>1. Hegering 1 &#8211; 714 Pkte<br \/>2. Hegering 10 &#8211; 703 Pkte<br \/>3. Hegering 2 &#8211; 660 Pkte<\/p>\r\n<p><a href=\"http:\/\/bjm.schwanzer.info\/wp-content\/uploads\/2025\/10\/2025_HRM_Tulln.pdf\" target=\"_blank\" rel=\"noopener\"><strong>Ergebnisliste<\/strong><\/a><\/p>\r\n<h3>\u00a0<\/h3>\r\n<h3><span style=\"font-size: 14pt; color: #339966;\">Bezirksj\u00e4gertag 2025<\/span><\/h3>\r\n<p>Am 24. Mai 2025 fand auch heuer wieder im Tullner Atrium des Minoritenklosters der allj\u00e4hrliche Bezirksj\u00e4gertag statt. <br \/>19 J\u00e4gerinnen und J\u00e4ger legten die &#8222;Pr\u00fcfung f\u00fcr den Wachdienst zum Schutz der Jagd&#8220; erfolgreich ab, ebenso konnten 28 Jungj\u00e4gerinnen und Jungj\u00e4ger nach positiv abgelegter &#8222;Pr\u00fcfung zur Erlangung der ersten Jagdkarte&#8220; vorgestellt werden.<br \/>Zahlreiche Ehreng\u00e4ste waren zu begr\u00fc\u00dfen und viele Auszeichnungen konnten auch dieses Jahr von Bezirksj\u00e4germeister DI Alfred Schwanzer \u00fcbergeben werden.<br \/>Die musikalische Umrahmung des Bezirksj\u00e4gertages wurde wieder von der Jagdhornbl\u00e4sergruppe Tulln unter der Leitung von HM Josef Leckel \u00fcbernommen.<\/p>\r\n<p><img loading=\"lazy\" decoding=\"async\" src=\"http:\/\/bjm.schwanzer.info\/wp-content\/uploads\/2025\/06\/2025_BJT_JJ.jpg\" alt=\"Vorstellung der Jungj\u00e4gerinnen und Jungj\u00e4ger\" width=\"640\" height=\"265\" \/><\/p>\r\n<p><img decoding=\"async\" src=\"http:\/\/bjm.schwanzer.info\/wp-content\/uploads\/2025\/06\/2025_BJT_01.jpg\" alt=\"\" \/><\/p>\r\n<p><img decoding=\"async\" src=\"http:\/\/bjm.schwanzer.info\/wp-content\/uploads\/2025\/06\/2025_BJT_02.jpg\" alt=\"\" \/><\/p>\r\n<p><img decoding=\"async\" src=\"http:\/\/bjm.schwanzer.info\/wp-content\/uploads\/2025\/06\/2025_BJT_JHB.jpg\" alt=\"\" \/><\/p>\r\n<p>&nbsp;<\/p>\r\n<h3><span style=\"color: #339966;\">Bezirksmeisterschaft im Jagdlichen Schie\u00dfen 2025 (GK+Jagdparcours)<\/span><\/h3>\r\n<p align=\"center\">\r\n\r\n<\/p>\r\n<p><strong>1. Grasspointner Alexander \u2013 191 Pkte<\/strong><br \/><strong>2. Rauch Martin \u2013 181 Pkte<\/strong><br \/><strong>3. Reisner Franz jun. \u2013 181 Pkte<\/strong><\/p>\r\n<p class=\"wp-block-heading\"><a href=\"http:\/\/bjm.schwanzer.info\/wp-content\/uploads\/2025\/05\/2025_BM_Tulln_Auswertung.pdf\" target=\"_blank\" rel=\"noopener\"><strong>Ergebnisliste<\/strong><\/a><\/p>\r\n<p>&nbsp;<\/p>\r\n<h3 class=\"wp-block-heading\"><span style=\"color: #339966;\">Bezirksj\u00e4gertag 2024<\/span><\/h3>\r\n<p style=\"text-align: left;\" align=\"center\">\r\n\r\n<\/p>\r\n<p>Im Tullner Atrium des Minoritenklosters fand am 27. April 2024 der allj\u00e4hrliche Bezirksj\u00e4gertag statt. Neben zahlreicher Auszeichnungen fand auch wieder die Vorstellung der 33 Jungj\u00e4gerinnen und Jungj\u00e4ger statt, die kurz zuvor ihre positive Jagdpr\u00fcfung zur Erlangung der ersten Jagdkarte abgelegt hatten. Ebenso bestanden 9 J\u00e4ger die Pr\u00fcfung zum Jagdaufseher.<br \/>Als Ehreng\u00e4ste konnte Bezirksj\u00e4germeister Alfred Schwanzer neben dem Landesj\u00e4germeister Josef Pr\u00f6ll auch die Bezirkshauptmann-Stellvertreterin Renate Giller-Schilk, NR Johann H\u00f6finger, Bezirksforstinspektor Georg Findeis, Stadtrat Peter H\u00f6ckner sowie den Bezirksbauernkammer-Obmann Mathias Holzer begr\u00fc\u00dfen.<br \/>Musikalisch umrahmt wurde der Bezirksj\u00e4gertag 2024 von den Jagdhornbl\u00e4sergruppen Klosterneuburg und Tulln.<\/p>\r\n<p style=\"text-align: center;\"><img loading=\"lazy\" decoding=\"async\" class=\"aligncenter\" src=\"http:\/\/bjm.schwanzer.info\/wp-content\/uploads\/2024\/05\/2024_bjt.jpg\" alt=\"\" width=\"640\" height=\"346\" \/><\/p>\r\n<p align=\"center\">\u00a0<\/p>\r\n<h3 class=\"wp-block-heading\"><span style=\"color: #339966;\"><strong>Bezirksmeisterschaft Jagdliches Schie\u00dfen (GK+Jagdparcours)<\/strong><\/span><\/h3>\r\n<p align=\"center\">\r\n\r\n<\/p>\r\n<p><strong>1. Rauch Martin \u2013 189 Pkte<\/strong><br \/><strong>2. Laber Raphael \u2013 183 Pkte<\/strong><br \/><strong>3. Kanzian Daniel \u2013 178 Pkte<\/strong><\/p>\r\n<p align=\"center\"><img decoding=\"async\" src=\"http:\/\/bjm.schwanzer.info\/wp-content\/uploads\/2024\/05\/2024_bms.jpg\" \/><\/p>\r\n<p align=\"center\"><strong><a href=\"http:\/\/bjm.schwanzer.info\/wp-content\/uploads\/2024\/05\/Bezirksmeisterschaft-Tulln-Auswertung_2024.pdf\" target=\"_blank\" rel=\"noreferrer noopener\">Ergebnisliste<\/a><\/strong><\/p>\r\n<p align=\"center\">\u00a0<\/p>\r\n\r\n\r\n\r\n\r\n\r\n\r\n\r\n\r\n\r\n\r\n\r\n\r\n\r\n\r\n\r\n<h3 class=\"wp-block-heading\"><strong>Bezirksmeisterschaft Jagdliches Schie\u00dfen (GK+Jagdparcours)<\/strong><\/h3>\r\n\r\n\r\n\r\n<p><strong>1. Figl Roman \u2013 194 Pkte<\/strong><br \/><strong>2. Rauch Martin \u2013 178 Pkte<\/strong><br \/><strong>3. Kanzian Daniel \u2013 176 Pkte<\/strong><\/p>\r\n\r\n\r\n\r\n<figure class=\"wp-block-image size-full\"><img loading=\"lazy\" decoding=\"async\" class=\"aligncenter wp-image-1975\" src=\"http:\/\/bjm.schwanzer.info\/wp-content\/uploads\/2023\/06\/BM23_640x480.jpg\" alt=\"\" width=\"600\" height=\"450\" srcset=\"http:\/\/bjm.schwanzer.info\/wp-content\/uploads\/2023\/06\/BM23_640x480.jpg 640w, http:\/\/bjm.schwanzer.info\/wp-content\/uploads\/2023\/06\/BM23_640x480-300x225.jpg 300w\" sizes=\"auto, (max-width: 600px) 100vw, 600px\" \/><\/figure>\r\n\r\n\r\n\r\n<p><strong><a href=\"http:\/\/bjm.schwanzer.info\/wp-content\/uploads\/2023\/06\/BM-2023_Erg.pdf\" target=\"_blank\" rel=\"noreferrer noopener\">Ergebnisliste<\/a><\/strong><\/p>\r\n\r\n\r\n\r\n<h3 class=\"wp-block-heading\">Bezirksj\u00e4gertag 2023<\/h3>\r\n\r\n\r\n\r\n<p>Am 20. Mai 2023 fand der allj\u00e4hrliche Bezirksj\u00e4gertag wieder im Atrium des Minoritenkloster in Tulln statt.<br \/>Neben der Verleihung von Auszeichnungen und der Vorstellung der Jungj\u00e4gerInnen fand auch die Wahl der Delegierten des Bezirkes Tulln statt.<br \/>Ebenso berichtete LJM-Stv. Ing. Gerald Friedl aus dem N\u00d6 Jagdverband und Dr. \u00d6hlb\u00f6ck hielt einen sehr interessanten Vortrag zum Thema &#8222;Waffenverbot&#8220;.<br \/>Musikalisch begleitet wurde die gut besuchte Veranstaltung von der Jagdhornbl\u00e4sergruppe Tulln.<\/p>\r\n\r\n\r\n\r\n<figure class=\"wp-block-image size-full\"><img loading=\"lazy\" decoding=\"async\" class=\"aligncenter wp-image-1949\" src=\"http:\/\/bjm.schwanzer.info\/wp-content\/uploads\/2023\/06\/Bjt-2023-Tu-017_640x479.jpg\" alt=\"\" width=\"600\" height=\"449\" srcset=\"http:\/\/bjm.schwanzer.info\/wp-content\/uploads\/2023\/06\/Bjt-2023-Tu-017_640x479.jpg 640w, http:\/\/bjm.schwanzer.info\/wp-content\/uploads\/2023\/06\/Bjt-2023-Tu-017_640x479-300x225.jpg 300w\" sizes=\"auto, (max-width: 600px) 100vw, 600px\" \/>\r\n<figcaption class=\"wp-element-caption\">v.l.n.r.: BJM-Stv. \u00d6kR Hermann Dam, Stadtrat Mag. Lucas Sobotka, NR Johann H\u00f6finger, LJM-Stv. Ing. Gerald Friedl, BH-Stv. Mag. Renate Giller-Schilk, BJM DI Alfred Schwanzer<\/figcaption>\r\n<\/figure>\r\n\r\n\r\n\r\n<figure class=\"wp-block-image size-full\"><img loading=\"lazy\" decoding=\"async\" class=\"aligncenter wp-image-1947\" src=\"http:\/\/bjm.schwanzer.info\/wp-content\/uploads\/2023\/06\/Bjt-2023-Ehrenbruch_640x392.jpg\" alt=\"\" width=\"600\" height=\"367\" srcset=\"http:\/\/bjm.schwanzer.info\/wp-content\/uploads\/2023\/06\/Bjt-2023-Ehrenbruch_640x392.jpg 640w, http:\/\/bjm.schwanzer.info\/wp-content\/uploads\/2023\/06\/Bjt-2023-Ehrenbruch_640x392-300x184.jpg 300w\" sizes=\"auto, (max-width: 600px) 100vw, 600px\" \/>\r\n<figcaption class=\"wp-element-caption\">Verleihung der Ehrenbr\u00fcche<\/figcaption>\r\n<\/figure>\r\n\r\n\r\n\r\n<figure class=\"wp-block-image size-full\"><img loading=\"lazy\" decoding=\"async\" class=\"aligncenter wp-image-1950\" src=\"http:\/\/bjm.schwanzer.info\/wp-content\/uploads\/2023\/06\/Bjt-2023-Tu-Schuetzenabzeichen_640x389.jpg\" alt=\"\" width=\"600\" height=\"365\" srcset=\"http:\/\/bjm.schwanzer.info\/wp-content\/uploads\/2023\/06\/Bjt-2023-Tu-Schuetzenabzeichen_640x389.jpg 640w, http:\/\/bjm.schwanzer.info\/wp-content\/uploads\/2023\/06\/Bjt-2023-Tu-Schuetzenabzeichen_640x389-300x182.jpg 300w\" sizes=\"auto, (max-width: 600px) 100vw, 600px\" \/>\r\n<figcaption class=\"wp-element-caption\">Verleihung der Sch\u00fctzenabzeichen<\/figcaption>\r\n<\/figure>\r\n\r\n\r\n\r\n<figure class=\"wp-block-image size-full\"><img loading=\"lazy\" decoding=\"async\" class=\"aligncenter wp-image-1948\" src=\"http:\/\/bjm.schwanzer.info\/wp-content\/uploads\/2023\/06\/Bjt-2023-JJ_640x375.jpg\" alt=\"\" width=\"600\" height=\"352\" srcset=\"http:\/\/bjm.schwanzer.info\/wp-content\/uploads\/2023\/06\/Bjt-2023-JJ_640x375.jpg 640w, http:\/\/bjm.schwanzer.info\/wp-content\/uploads\/2023\/06\/Bjt-2023-JJ_640x375-300x176.jpg 300w\" sizes=\"auto, (max-width: 600px) 100vw, 600px\" \/>\r\n<figcaption class=\"wp-element-caption\">Vorstellung der Jungj\u00e4gerInnen<\/figcaption>\r\n<\/figure>\r\n\r\n\r\n\r\n<p>&nbsp;<\/p>\r\n\r\n\r\n\r\n<h5 class=\"wp-block-heading\">\u00a0<\/h5>\r\n\r\n\r\n\r\n<h3 class=\"wp-block-heading\"><span style=\"text-decoration: underline; color: #339966;\"><span lang=\"en-GB\"><b><br \/>BEZIRKSSCHIESSTAG und HEGERINGMEISTERSCHAFT\u00a0 27.08.2022<\/b><\/span><\/span><\/h3>\r\n\r\n\r\n\r\n<p><strong>Mannschaft: <\/strong><\/p>\r\n\r\n\r\n\r\n<p><strong>1. HR 1 \u2013 Tullner Feld \u2013 684 Pkte<br \/>2. HR 10 \u2013 Hohenberg \u2013 638 Pkte<br \/>3. HR 7 \u2013 Donauauen \u2013 631 Pkte<\/strong><\/p>\r\n\r\n\r\n\r\n<figure class=\"wp-block-image\"><img loading=\"lazy\" decoding=\"async\" class=\"aligncenter\" src=\"http:\/\/bjm.schwanzer.info\/wp-content\/uploads\/2022\/09\/2022-08-27_mannschaft.jpg\" alt=\"\" width=\"640\" height=\"480\" \/><\/figure>\r\n\r\n\r\n\r\n<p><strong>Einzel: <\/strong><\/p>\r\n\r\n\r\n\r\n<p><strong>1. Falb Peter \u2013 188 Pkte<br \/>2. Buchinger Michael \u2013 188 Pkte<br \/>3. Schaufler Paul \u2013 182 Pkte<\/strong><\/p>\r\n\r\n\r\n\r\n<figure class=\"wp-block-image\"><img loading=\"lazy\" decoding=\"async\" class=\"aligncenter\" src=\"http:\/\/bjm.schwanzer.info\/wp-content\/uploads\/2022\/09\/2022-08-27_einzel.jpg\" alt=\"\" width=\"640\" height=\"480\" \/><\/figure>\r\n\r\n\r\n\r\n<p><a href=\"http:\/\/bjm.schwanzer.info\/wp-content\/uploads\/2022\/09\/2022-08-27_HRM.pdf\" target=\"_blank\" rel=\"noopener\"><strong>Ergebnisliste<\/strong><\/a><\/p>\r\n\r\n\r\n\r\n<h3 class=\"wp-block-heading\"><span style=\"text-decoration: underline;\"><span style=\"color: #339966; text-decoration: underline;\"><strong>Bezirksmeisterschaft Tulln 04.06.2022<\/strong><\/span><\/span><\/h3>\r\n\r\n\r\n\r\n<figure class=\"wp-block-image\"><img decoding=\"async\" src=\"http:\/\/bjm.schwanzer.info\/wp-content\/uploads\/2022\/06\/2022_bm_01.jpg\" alt=\"\" \/><\/figure>\r\n\r\n\r\n\r\n<figure class=\"wp-block-image\"><img decoding=\"async\" src=\"http:\/\/bjm.schwanzer.info\/wp-content\/uploads\/2022\/06\/2022_bm_02.jpg\" alt=\"\" \/><\/figure>\r\n\r\n\r\n\r\n<p>Alle 38 Teinehmer haben Jagdeinladungen oder Sachpreise gewonnen.<br \/><br \/><\/p>\r\n\r\n\r\n\r\n<p><strong>1. Figl Roman \u2013 187 Pkte<br \/>2. Falb Peter \u2013 186 Pkte<br \/>3. Reisner Franz jun. \u2013 182 Pkte<\/strong><\/p>\r\n\r\n\r\n\r\n<h3 class=\"wp-block-heading\"><span style=\"text-decoration: underline;\"><span style=\"color: #339966; text-decoration: underline;\">BEZIRKSJ\u00c4GERTAG 2022<\/span><\/span><\/h3>\r\n\r\n\r\n\r\n<p>Die Niederwildstrecken des Vorjahres mit Fasan minus 11% und Hase plus 13% sind nicht zufriedenstellend. Die Zuwachsraten stagnieren auf einem sehr niedrigen Niveau. Speziell beim Fasan ist der Besatz noch lange nicht als befriedigend anzusehen.<\/p>\r\n\r\n\r\n\r\n<p>Unsere \u201eSauj\u00e4ger\/innen\u201c haben im Bezirk 2.572 St\u00fcck Wildschweine erlegt, das ist eine Steigerung zum Vorjahr von 28%. Ein klares Zeichen der J\u00e4gerschaft, um die Afrikanische Schweinepest abzuwehren.<\/p>\r\n\r\n\r\n\r\n<p>Die durch die Pandemie verursachte &#8222;V\u00f6lkerwanderung&#8220; in die Natur hat die Anzahl der durch den Verkehr get\u00f6teten Tiere stark erh\u00f6ht, beim Rehwild sind es bereits 30%; wobei es eine Steigerung bei Rehen gibt, die wildernden Hunden zum Opfer fallen.<\/p>\r\n\r\n\r\n\r\n<p>Weiters wurden die J\u00e4gerInnen aufgefordert das freiwillige \u00dcbungsschie\u00dfen, nach der Coronasperre der Schie\u00dfpl\u00e4tze, wieder zu betreiben, um die Sicherheit im Jagdbetrieb zu erh\u00f6hen.<\/p>\r\n\r\n\r\n<div class=\"wp-block-image\">\r\n<figure class=\"aligncenter\"><img loading=\"lazy\" decoding=\"async\" class=\"aligncenter\" src=\"http:\/\/bjm.schwanzer.info\/wp-content\/uploads\/2022\/06\/2022_bjt_hp.jpg\" alt=\"\" width=\"600\" height=\"323\" \/>\r\n<figcaption class=\"wp-element-caption\">V.l.n.r.: BJM DI Alfred Schwanzer, Stadtrat Mag. Lucas Sobotka, BH-Stv. Mag. Renate Giller-Schilk, BJM-Stv. \u00d6kR Hermann Dam, Bezirksbauernkammer-Obmann Mathias Holzer, LJM-Stv. Ing. Gerald Friedl<\/figcaption>\r\n<\/figure>\r\n<\/div>\r\n\r\n\r\n<h3 class=\"wp-block-heading\"><span style=\"text-decoration: underline; color: #339966;\"><span lang=\"en-GB\"><b>BEZIRKSJ\u00c4GERTAG am 31.10.2021<\/b><\/span><\/span><\/h3>\r\n\r\n\r\n\r\n<p>Aufgrund der aktuellen Corona-Situation konnte der heurige Bezirksj\u00e4gertag leider nur f\u00fcr Funktion\u00e4re und geladene G\u00e4ste abgehalten werden.<\/p>\r\n\r\n\r\n\r\n<p>Unter anderem wurden folgende Themen behandelt: <br \/>Aufgrund des zweiten Teils der Waffengesetz-Novelle 2018 (BGBl. I Nr. 97\/2018 vom 22. Dezember 2018), der mit 14. Dezember 2019 in Kraft getreten ist, sind alle bisher D-Waffen (Flinten) beim B\u00fcchsenmacher und \u201elange\u201c Magazine f\u00fcr Pistolen (mehr als 20 Schuss Kapazit\u00e4t) und Halbautomaten (mehr als 10 Schuss), die vor dem bzw. am 14. Dezember 2019 rechtm\u00e4\u00dfig in Besitz waren, <b>bis 13. Dezember 2021 <\/b>der Waffenbeh\u00f6rde zu melden.\u00a0<\/p>\r\n\r\n\r\n\r\n<p>Weiters wurde berichtet, dass anscheinend manche Versicherungen die Entsch\u00e4digung des Jagdp\u00e4chters bei KFZ-Unf\u00e4llen im Bereich der Verkehrstafel \u201eAchtung Wildwechsel\u201c bezahlen, andere diese Leistung aber nicht \u00fcbernehmen.<\/p>\r\n\r\n\r\n\r\n<p>Wichtig ist auch speziell f\u00fcr Jagdaufseher bei Ausstellung der neuen Jagdkarte im Scheckkartenformat, dass bei Antrag eine vorl\u00e4ufige Jagdkarte in Papierform verlangt wird, um nicht die Aufseher-Qualifikation zu verlieren.<\/p>\r\n\r\n\r\n\r\n<figure class=\"wp-block-image\"><img decoding=\"async\" class=\"aligncenter\" src=\"http:\/\/bjm.schwanzer.info\/wp-content\/uploads\/2021\/11\/2021_bjt.jpg\" alt=\"\" \/><\/figure>\r\n\r\n\r\n<hr class=\"wp-block-separator has-css-opacity\" \/>\r\n\r\n\r\n<h3 class=\"wp-block-heading\"><span style=\"text-decoration: underline; color: #339966;\">BOKU Wien<\/span><\/h3>\r\n\r\n\r\n\r\n<p class=\"has-text-align-left\"><strong><span style=\"color: #000000;\"><span style=\"text-decoration: underline;\">Gutachten:<\/span>\u00a0Einfluss von Hauskatzen auf die heimische Fauna und m\u00f6gliche Managementma\u00dfnahmen &#8211;<\/span>\u00a0<span style=\"text-decoration: underline; color: #800080;\"><a href=\"http:\/\/bjm.schwanzer.info\/wp-content\/uploads\/2013\/12\/KH_Gutachten_Hauskatze_Feb20141.pdf\"><span style=\"color: #800080; text-decoration: underline;\">.pdf<\/span><\/a><\/span><\/strong><\/p>\r\n\r\n\r\n\r\n<h3 class=\"wp-block-heading\">\u00a0<\/h3>\r\n\r\n\r\n\r\n<h3 class=\"wp-block-heading\"><span style=\"text-decoration: underline; color: #339966;\">Infos (zum Ansehen und Herunterladen):<\/span><\/h3>\r\n\r\n\r\n\r\n<p><span style=\"color: #993366;\"><a style=\"color: #993366;\" href=\"https:\/\/www.noejagdverband.at\/service\/\" target=\"_blank\" rel=\"noopener noreferrer\"><strong><span style=\"text-decoration: underline;\">Monitoring Formulare herunterladen<\/span><\/strong><\/a><\/span><\/p>\r\n\r\n\r\n\r\n<p><strong><span style=\"color: #993366;\"><a style=\"color: #993366;\" title=\"LJVaktuell\" href=\"https:\/\/www.noejagdverband.at\/jagd-in-niederoesterreich\/recht-und-verordnung\/\" target=\"_blank\" rel=\"noopener noreferrer\"><span style=\"text-decoration: underline;\">AKTUELL-Seite N\u00d6LJV:<\/span><\/a><\/span><span style=\"color: #000000;\"> Infos zu aktuellen Jagd &amp; Recht-Themen<\/span><span style=\"text-decoration: underline;\"><span style=\"color: #800080; text-decoration: underline;\"><span style=\"color: #800080; text-decoration: underline;\"><br \/><\/span><\/span><\/span><\/strong><\/p>\r\n\r\n\r\n\r\n<p><strong><span style=\"text-decoration: underline;\"><span style=\"color: #800080; text-decoration: underline;\"><a href=\"http:\/\/bjm.schwanzer.info\/wp-content\/uploads\/2010\/01\/Wildtiere-und-Farben.doc\" target=\"_blank\" rel=\"noopener noreferrer\"><span style=\"color: #800080; text-decoration: underline;\">Wildtiere: Wie sehen sie Farben\u00a0<\/span><\/a><\/span><\/span><\/strong><\/p>\r\n\r\n\r\n\r\n<h2 class=\"wp-block-heading\"><span style=\"text-decoration: underline; color: #339966;\">Hinweise:<\/span><\/h2>\r\n\r\n\r\n\r\n<p>Da ich das Rad nicht\u00a0neu\u00a0erfinden will sind bei den jagdlichen Links alle Formulare und weiterf\u00fchrende Seiten des N\u00d6LJV und der befreundeten Vereine angef\u00fchrt.<\/p>\r\n\r\n\r\n\r\n<p>Alles was den Hund betrifft bitte \u00fcber den Link des Tullner JK nachsehen. \u00dcber die HP des\u00a0 Tullner JK k\u00f6nnen auch Dinge gekauft oder angeboten werden.<\/p>\r\n\r\n\r\n\r\n<p>Statistiken\u00a0und Berichte aus den Vorjahren findest du unter\u00a0<span style=\"text-decoration: underline;\"><span style=\"color: #800080; text-decoration: underline;\"><a href=\"http:\/\/bjm.schwanzer.info\/?p=48\" target=\"_self\" rel=\"noopener noreferrer\"><span style=\"color: #800080; text-decoration: underline;\">Jahresberichte<\/span><\/a><\/span><\/span>.<\/p>\r\n\r\n\r\n\r\n<p>Bitte um Anregungen zur Erweiterung bzw. Verbesserung der HP.<\/p>\r\n\r\n\r\n\r\n<p>Auch \u00fcber aktuelle\u00a0Fotos w\u00fcrde ich mich freuen.<\/p>\r\n\r\n\r\n\r\n\r\n\r\n\r\n\r\n\r\n\r\n\r\n\r\n\r\n\r\n\r\n\r\n<p>&nbsp;<\/p>\r\n","protected":false},"excerpt":{"rendered":"<p>Jungj\u00e4ger- und Jagdaufseherkurs 2026 Weitere Informationen findet man hier! &nbsp; Bezirksschie\u00dftag Tulln 30.8.2025 Einzel: 1. Hermann Fritz &#8211; 192 Pkte2. Peter Falb &#8211; 191 Pkte3. Martin Rauch &#8211; 189 Pkte Mannschaft: 1. Hegering 1 &#8211; 714 Pkte2. Hegering 10 &#8211; 703 Pkte3. Hegering 2 &#8211; 660 Pkte Ergebnisliste \u00a0 Bezirksj\u00e4gertag 2025 Am 24. Mai 2025 [&hellip;]<\/p>\n","protected":false},"author":2,"featured_media":0,"parent":0,"menu_order":0,"comment_status":"closed","ping_status":"closed","template":"","meta":{"footnotes":""},"class_list":["post-428","page","type-page","status-publish","hentry"],"_links":{"self":[{"href":"http:\/\/bjm.schwanzer.info\/index.php?rest_route=\/wp\/v2\/pages\/428","targetHints":{"allow":["GET"]}}],"collection":[{"href":"http:\/\/bjm.schwanzer.info\/index.php?rest_route=\/wp\/v2\/pages"}],"about":[{"href":"http:\/\/bjm.schwanzer.info\/index.php?rest_route=\/wp\/v2\/types\/page"}],"author":[{"embeddable":true,"href":"http:\/\/bjm.schwanzer.info\/index.php?rest_route=\/wp\/v2\/users\/2"}],"replies":[{"embeddable":true,"href":"http:\/\/bjm.schwanzer.info\/index.php?rest_route=%2Fwp%2Fv2%2Fcomments&post=428"}],"version-history":[{"count":45,"href":"http:\/\/bjm.schwanzer.info\/index.php?rest_route=\/wp\/v2\/pages\/428\/revisions"}],"predecessor-version":[{"id":2215,"href":"http:\/\/bjm.schwanzer.info\/index.php?rest_route=\/wp\/v2\/pages\/428\/revisions\/2215"}],"wp:attachment":[{"href":"http:\/\/bjm.schwanzer.info\/index.php?rest_route=%2Fwp%2Fv2%2Fmedia&parent=428"}],"curies":[{"name":"wp","href":"https:\/\/api.w.org\/{rel}","templated":true}]}}